8
-2
What is 6 + -5 + -5 + 8?
4
What is (-4 - -4) + -3 - 1 - 1?
-5
Evaluate 0 - 0 - (2 + (-3 - -1)).
0
Evaluate 149 + -149 - (-1 + 2 - -6).
-7
Calculate 2 + -6 + (54 - 36) + -4.
10
Evaluate (5 - -1) + -1 + 0.
5
What is (5 - (3 + -4 + 4)) + 2?
4
(-4 - (-3 + (-4 - -5))) + -2
-4
Calculate (3 - (0 - -4)) + 5.
4
102 + -96 + (0 - 0)
6
Calculate 3 + (3 - (0 + (6 - 1))).
1
Evaluate (-8 - -5) + -3 - -3.
-3
12 - (11 - 4) - 3
2
Calculate -1 + -2 + -2 + 2 + 3.
0
Calculate (0 - 3) + 4 - 6.
-5
(1 - -3) + (5 - 8)
1
What is the value of 3 - (-5 + (2 - -3)) - 3?
0
Evaluate -3 - ((-5 - -2) + -2).
2
What is 1 - (1 + 1) - (-11 - -8)?
2
What is the value of -4 + 2 - -2 - -3?
3
What is (5 - 5) + 1 + 0 - -5?
6
Calculate 11 + (11 + -19 - -1).
4
What is -7 + (1 - (-9 - -1))?
2
What is the value of (-2 - (-2 - -1) - -4) + -2?
1
What is -3 - (-4 + -4 + 4 + 4)?
-3
-9 - (-3 + 8) - -11
-3
Calculate 15 + -2 + -3 + -5.
5
Evaluate 7 + (1 - 5) + -1.
2
What is 0 + (7 - (-1 - -9))?
-1
What is 2 + -5 + 0 - (2 - 0)?
-5
Evaluate -1 + (2 - (-3 - -3)) + -1.
0
-2 - -3 - (-3 + 2)
2
What is the value of 0 + 7 + 3 + -9?
1
Evaluate (9 + 0 - (5 + 0)) + -7.
-3
What is the value of -3 + 1 + (2 - 1)?
-1
Calculate -3 + (-1 + 8 - 1).
3
What is the value of 3 + 3 + -9 - (18 - 28)?
7
What is 1 - 3 - ((3 - 1) + 0)?
-4
What is 12 - (4 + 21) - -3?
-10
Evaluate 19 + -16 + -2 + 5.
6
3 - (-3 + 3) - (5 + 1)
-3
Calculate 1 + (9 - 8) - (0 - 3).
5
What is 26 + -20 + -1 + -1 + 0?
4
Evaluate (-10 - -14) + (2 - (9 - -1)).
-4
What is the value of 2 - (11 + -5) - (1 - 2)?
-3
What is 4 + -4 - (1 + 0 + 2)?
-3
6 + (-5 - (1 + 4))
-4
Evaluate 20 + -3 + (-5 - 0) + -4.
8
What is the value of 0 + (4 - (6 + 0 + -5))?
3
What is the value of 7 + -6 + -1 - 3?
-3
3 + 11 + (-13 - -3)
4
What is the value of -3 + 11 + -3 + (-15 - -12)?
2
-9 + (-10 - -4) - -5 - -6
-4
Calculate 0 + 3 - (1 + 0 - 0).
2
What is the value of (0 - -4) + -34 + 31?
1
Calculate ((1 - 4) + 9 - 8) + 3.
1
What is the value of (-9 - 0) + 63 + -53?
1
What is -6 + 16 - (4 - (0 + -1))?
5
Evaluate (0 - 6) + -7 + 6.
-7
(0 - (-3 - 12)) + -10
5
What is 2 + -4 + (-1 - 0) - 2?
-5
What is the value of 1 - (1 + (-2 - -1 - 3))?
4
What is -4 + -1 + (2 - -7) - 0?
4
Calculate (-1 - -1) + 3 - 2 - -3.
4
What is the value of 0 - (-1 + -1 + -4)?
6
Calculate -7 + 12 - (4 - -2).
-1
Calculate 7 + -3 + 0 - 6.
-2
Evaluate 17 + -6 - (1 + 0) - 5.
5
What is (3 - (-3 + 7 + 3)) + 9?
5
What is the value of (5 - -1 - 0) + -9 + -1?
-4
Evaluate 6 - 0 - 15 - -11.
2
What is the value of -9 - (3 + -5 - -1)?
-8
Calculate 4 + (-2 - (-7 + 1)).
8
5 + -5 + -4 + 1
-3
Calculate 10 + -13 - (0 + 0) - -6.
3
What is the value of -4 + 0 + -46 + 47?
-3
Calculate -8 + 9 + -8 + 6.
-1
Calculate -7 + 3 + 0 + 0.
-4
Calculate 4 + 0 - (-2 - (-5 + -1)).
0
Evaluate 2 + -1 + -2 + 0 + 6.
5
-9 + (3 + 3 - -9)
6
What is 18 + -15 + 2 + (0 - 3)?
2
What is 3 + (-19 + 8 - -9)?
1
Evaluate -4 - (6 - 3 - 7).
0
What is (13 - (7 + 6)) + (-8 - -1)?
-7
Calculate -12 + 7 + 6 - 5.
-4
Calculate (3 - (5 + 0)) + -3.
-5
What is the value of 1 + (-7 - (-6 - -2))?
-2
Evaluate 2 + (3 - 2 - 6 - 1).
-4
What is the value of 0 + 0 + (30 - 29)?
1
Calculate -2 + (4 + -1 - 4).
-3
What is -6 + (6 - (6 + -2))?
-4
7 - (6 + -2 - 1)
4
Calculate (-2 - -2) + (-4 - -1 - -2).
-1
Evaluate -11 + 5 + 4 - -1.
-1
Calculate 3 + (-5 + -3 - 0).
-5
Calculate (-10 + 2 - -4) + (7 - -2).
5
Evaluate 4 + -1 - (-10 + 22 + -6).
-3
Evaluate -4 + 1 + -1 - -7 - 3.
0
0 + 0 + 1 - (-10 + 14)
-3
What is the value of 9 + -2 + (0 - (1 + 6))?
0
What is -5 - (0 + (6 - 1) + -15)?
5
What is 9 + (-2 - (5 - 3))?
5
Calculate (0 - 0 - (-5 + 4)) + 2.
3
Calculate 0 + -3 - (-31 - -26).
2
What is the value of 4 - (-7 - (2 + -8))?
5
What is -1 - (-21 + 19 + -1 + 0)?
2
-7 + (11 - (1 - 0))
3
What is 0 + (2 - 6) + 3 + 3?
2
Evaluate -6 + -1 + (-3 - -5) + 1.
-4
What is the value of (0 - (-5 - -1)) + -9?
-5
Evaluate 1 + -5 + (2 - 0 - -3).
1
2 + 1 + 7 + (11 - 23)
-2
What is 4 + -1 + (-14 - -18)?
7
Calculate (-1 - (1 + 2)) + 8.
4
What is -3 + -3 + 7 + 2?
3
Calculate 0 + (1 - -4 - 2 - 4).
-1
3 - (-3 - 4) - (24 + -18)
4
Evaluate (66 - 76) + 0 + 11.
1
What is 2 - (-1 + (-1 - (4 - 5)))?
3
Calculate 13 - (13 + -3 - 1).
4
6 + (-1 - (3 - (-1 - -2)))
3
Calculate -2 - -2 - 8 - -3.
-5
Evaluate -22 - -27 - (2 + 0) - -3.
6
-1 + -2 + 2 - 0
-1
Evaluate (4 - -6) + -5 - 2.
3
Calculate (-6 - -1) + (-2 - (-20 - -14)).
-1
Calculate 0 - (-1 - -2) - (-73 + 79).
-7
Evaluate 10 + (0 - 6) - 6.
-2
What is the value of (-4 - 0) + 8 - 0?
4
Calculate 6 - (-1 + (-2 - -9)).
0
7 - ((4 - (5 - 2)) + 4)
2
Calculate -3 + (-2 + 3 - 0).
-2
What is 6 + -9 + 4 + 7 + -1?
7
What is the value of 2 - 2 - (3 + -1 + -1)?
-1
What is (29 + -26 - (2 - 1)) + -4?
-2
Calculate -4 + -7 + 1 + 13.
3
Calculate (6 + -3 + -7 - 5) + 1.
-8
Evaluate (6 - 1) + -3 - (1 + 3).
-2
(0 - -7) + -10 - (4 + 1)
-8
Evaluate (4 - 21) + 12 - -7.
2
What is (7 + -1 - 11) + (1 - -2)?
-2
Calculate 4 - (-7 + (-6 - -10)).
7
Evaluate 0 + 6 + (-52 - -38).
-8
5 + -5 + -5 + 5 - 4
-4
Calculate -3 + (3 + 3 - 5).
-2
What is 2 + (7 - 4) + -1 - -1?
5
What is -1 - (-5 - -5) - -5 - 1?
3
7 + (-5 - -6) - 3
5
Calculate 0 + -2 + 2 + -3.
-3
-15 + 11 + (-2 - -5)
-1
-4 + 0 + 1 + 18 + -19
-4
What is -2 + (-3 + 5 - 4)?
-4
Calculate 17 + -4 + -8 + 1.
6
-2 + 3 - (-7 + (-2 - -4))
6
What is the value of 10 - (31 - 8 - 5)?
-8
What is (2 - 6) + 0 + 1 - -2?
-1
15 + -14 + 0 + 3
4
Evaluate -3 - -8 - (4 + 1).
0
What is the value of 0 + -2 + 1 + 4 + 2?
5
What is (-8 - -6 - 0) + 0?
-2
What is the value of -4 + (-1 - (-1 - -1))?
-5
Calculate 4 + (-1 - -2) + (48 - 48).
5
Calculate -7 + (2 - -1) - -7.
3
(-13 - -5) + 10 - (0 + -1)
3
Evaluate 1 - 6 - -2 - -8.
5
What is 4 - 6 - (3 + (-5 - 0))?
0
What is the value of -1 + 0 + 10 + -11?
-2
What is the value of 1 + -1 + -1 + 4 - -2?
5
Evaluate 8 - -3 - (35 + -27).
3
-5 + (5 - 0 - -1)
1
What is 0 - (-3 + 6 - (1 + 4))?
2
-5 + (5 + 1 + -5 - -3)
-1
Evaluate 0 - (-5 - (-1 - 2)).
2
2 - (1 - 1) - (-5 - -3)
4
What is the value of (-3 - -9) + (-18 - -2) + 5?
-5
Evaluate 1 + (-13 - -9) + 1 + 4.
2
What is the value of 0 - ((-8 - -6) + 0 + 1)?
1
Evaluate -5 + 6 + 5 + -7.
-1
Evaluate (-8 - 3 - -3 - -2) + 3.
-3
Evaluate 13 + (-10 - -8 - 6).
5
What is the value of 1 + -6 - ((-6 - -5) + 1)?
-5
(-3 - -3) + -2 + 3
1
What is 3 + (-6 + 1 - 1)?
-3
Evaluate -2 + -3 + (8 - 1).
2
Evaluate (-4 - (-2 + (-3 - -1))) + -4.
-4
(0 - 7) + 4 + 8 + 3
8
What is the value of (-2 - (-2 - -1)) + 2?
1
Calculate (1 - -1 - (14 + -14)) + 3.
5
Evaluate 9 - (2 + (7 - 4)).
4
1 + 0 + (0 - 3) + 8
6
What is the value of 7 + -2 - (4 + -4 - 0)?
5
-11 - (-15 - -24 - 22)
2
Calculate 2 + 0 + 0 + -7 + 7.
2
Calculate 0 + -4 + (0 - -6 - 1).
1
Calculate -34 + 29 + 2 + 0 + 4.
1
What is the value of 5 + (-2 - 5 - -4)?
2
Evaluate (-1 + 3 - 5 - -6) + -3.
0
What is the value of (16 - 7) + -17 + 3?
-5
Calculate -3 + (2 + 1 - 0) + 4.
4
What is 9 + 2 + -8 + 3 + -10?
-4
Evaluate 3 + ((5 - 2) + 0 - 1).
5
-3 + 10 - (10 + -2)
-1
-4 - (-8 - (-4 + -2))
-2
1 + (3 + 1 - -1)
6
Evaluate -2 + 2 + (2 - (-4 + 4)).
2
0 + 4 + -1 - 5
-2
(-23 - -21) + 1 + 1 + 0
0
Evaluate (-2 - (3 + 3)) + 2 + 1.
-5
Evaluate (4 - 6) + 3 + 5 + -1.
5
Calculate -4 - ((0 - 8) + (-11 - -17)).
-2
-21 + 13 - -18 - 10
0
What is the value of 4 + (5 - 2) - 8?
-1
Evaluate 1 + (3 - (-2 + 2)) - 9.
-5
What is 14 - ((-5 - 1) + 13 - 0)?
7
-2 + 7 + (0 - 4) - 2
-1
Calculate -3 - ((-3 - -1) + 4) - -2.
-3
12 - (2 + 7) - (-3 - -1)
5
-2 - 4 - (7 + -7)
-6
(-13 - -13) + (-2 - -8)
6
What is the value of -5 - (-3 + -2 + -1 + 2)?
-1
What is the value of 6 + -2 + 11 + -11?
4
What is the value of (-4 + 5 - -1) + -2?
0
What is 5 + 1 + -2 + 0?
4
What is the value of -20 - (-14 + 7 + -5)?
-8
What is (1 - 6) + 1 + 0 + 3?
-1
What is the value of -1 - 0 - ((11 - 12) + 4)?
-4
What is the value of 19 - ((8 - -4) + -3)?
10
What is the value of -1 + 0 + 4 - 4?
-1
Evaluate -2 + (9 + -4 - 6).
-3
64 + -75 - (2 + -7)
-6
What is -7 + (10 - (-3 + 11))?
-5
Calculate 4 + -4 - (3 + 1).
-4
Calculate 4 + (1 - (7 - 6)).
4
What is the value of (-7 - (-8 + 8)) + 12?
5
Calculate (-1 + 1 - (0 + -1)) + -1.
0
Evaluate 0 + (1 - -4) + (-5 - -5).
5
What is -4 + (3 - (-5 + 5))?
-1
Calculate 1 - (4 - 2 - 3) - 7.
-5
-8 + -3 + 8 - 5
-8
What is (-2 - (1 + 0)) + (10 - 2)?
5
What is the value of (-3 + -3 + 8 - 5) + 2?
-1
What 